 = 0. Suppose -5*p + o = -i. Let k(n) = n - 9. What is k(p)?
-1
Let t be (-6)/((-96)/(-45) + -2). Let h = t + 39. Let y(u) = -3*u - 4. What is y(h)?
14
Let g(c) = 2*c - 23. Let n(d) = -4*d + 42. Let q(s) = -7*g(s) - 4*n(s). Determine q(6).
5
Let n = -27 - -29. Let b(z) = 4*z**2 - 4 - 4*z**2 - n*z**2 - 2*z**2 + z**3 + 5*z. Give b(3).
2
Let d be (-4)/18*41 - (-7)/63. Let l(o) be the first derivative of -o**2/2 - 5*o + 1. What is l(d)?
4
Let q(g) = -9*g + 4. Let j(s) = s + 5. Let i be j(-2). Give q(i).
-23
Let s(w) = 13*w**2 + 3*w - 13. Let j(z) = -15*z**2 - 3*z + 16. Let g(a) = -6*j(a) - 7*s(a). Give g(-6).
-23
Let t(m) be the third derivative of -m**4/24 + 2*m**3/3 - 16*m**2. Let k(z) = 1. Let b(c) = 4*k(c) - t(c). What is b(-3)?
-3
Suppose -13 = -n - 68. Let h = -49 - n. Let v(l) = 3*l - 6 + l - 3*l. Determine v(h).
0
Let f(i) = 1 + 5*i**3 + 2*i**2 + 5*i - 5*i - 6*i**3. Calculate f(3).
-8
Let k(a) = -4*a**3 - 2*a**2 - 2*a + 1. Let r(i) = 3*i**3 + 2*i**2 + 2*i - 1. Let o(t) = -t**2 - t - 2. Let q be o(-2). Let p(m) = q*k(m) - 5*r(m). Give p(2).
-3
Let x(m) = -m**2 - 4*m + 5. Suppose 0 = 6*w + 126 - 78. Give x(w).
-27
Let x(s) = 4*s - 23. Let a(t) = t**2 + 47*t + 292. Let y be a(-7). Give x(y).
25
Let d(y) = y**2 + 2*y + 3. Suppose -4*c + 2*g = 4*g - 12, -5*g = c - 3. Give d(c).
18
Let j(l) = 2*l**2 + 13. Let g(i) = 6*i**2 - 2*i + 37. Let v(f) = -4*g(f) + 11*j(f). Give v(0).
-5
Let w(l) = -2*l**3 + l**2 + 1. Let v(h) = -5*h**3 - 5*h**2 + 9*h + 6. Let a(u) = v(u) - 3*w(u). Calculate a(7).
17
Suppose 2*j = -5*i + 3, 4*j - i + 6 = 1. Let a(t) = 10*t - 5. Let h(r) = -9*r + 4. Let v(g) = -3*a(g) - 4*h(g). What is v(j)?
-7
Let n(p) = p**3 - 5*p**2 + 3*p + 1. Let m(b) be the second derivative of -b**3/3 - 3*b**2/2 + 9*b. Let a be m(-4). Give n(a).
16
Let l(c) = c**3 - c**2 + c - 4. Let a be ((-1)/(-3))/(21/252). Suppose a*x = 4*z + 5*x + 2, -5*z + 2*x + 4 = 0. What is l(z)?
-4
Suppose 19 - 4 = 5*x. Suppose 2*i - g = 2*g + 11, -9 = x*i + 4*g. Let f(c) = -2*c**2 + 2*c - 1. Calculate f(i).
-1
Suppose -3*d = -5*d - 2*p + 62, -43 = -d - 4*p. Let w(n) = -n - 53 + d + 22. Give w(-3).
-1
Let l(a) = -3*a**2 + 9*a - 5. Suppose -2*g = 13 - 9. Let h(s) = s**2 - 1. Let t(v) = g*h(v) - l(v). What is t(9)?
7
Let b(x) be the second derivative of x**5/20 + x**4/3 + x**3/3 + 5*x**2/2 - 148*x. Let l(g) = -2*g**2 - 14*g - 4. Let j be l(-7). What is b(j)?
-3
Let y(w) = -58*w**3 + 5*w**2 - 5*w + 8. Let r(z) = 29*z**3 - 2*z**2 + 2*z - 3. Let a(t) = -5*r(t) - 2*y(t). What is a(-1)?
28
Let l be ((-4)/6*-11)/(11/33). Let g(x) = 2 - l*x**2 + 6*x**2 + x**3 + 8*x**2 + 7*x**2. Give g(-2).
-10
Let y(q) = 2*q**3 + 4*q**2 - 2*q**2 + q**3 + 2*q + 1. Let i = 9 - 11. Let w(k) = k**3 + 4*k**2 + 4*k - 1. Let v be w(i). What is y(v)?
-2
Let i be 1/(-6) + (10 - (-77)/(-42)). Let g(f) = f**2 - 8*f - 11. What is g(i)?
-11
Suppose -4 - 76 = -2*r. Suppose -2*o + r = 5*j, 2*j - 13 = 4*j - 5*o. Let a(w) be the first derivative of -w**4/4 + 2*w**3 - w**2/2 + 2*w - 2. Give a(j).
-4
Let f = -44 + 62. Let y(a) = -f + a + 38 - 21. Determine y(-5).
-6
Let q(z) = z**3 + 10*z**2 + 2*z + 11. Suppose u + 33 = 23. Determine q(u).
-9
Let p be (5/(-4))/(3/(-240)). Let m be (-30)/8 - 25/p. Let d(j) = -j**2 - 2*j + 3. Give d(m).
-5
Let g(l) = -l**3 + l**2. Let s(n) = n**2 + n - 19. Let i be s(-5). Calculate g(i).
0
Let a(n) = 11*n - 13*n - 2 + n. Let f(r) = -r - 14. Let d be f(-10). Calculate a(d).
2
Let d(q) = -q**2 + 8*q - 9. Let j(i) = -5*i**2 + 41*i - 46. Let n(k) = -4*k + 22. Let s be n(6). Let u(p) = s*j(p) + 11*d(p). Give u(6).
-7
Suppose -3*c = 4*c. Suppose j - 2*w = -5*w + 14, -8 = -2*w. Let o(g) = g**2 + g**j - g**2. Determine o(c).
0
Suppose 0 = 6*c - c - 20, -13 = -3*n - c. Let m(x) = x**2 + 181*x**3 + 0*x**2 - 3 - x - 182*x**n + 3*x**2. Let v = 10 + -6. Calculate m(v).
-7
Let z(x) = -5*x**2 - 12*x + 33*x - 15*x - 9*x + 10 + x**3. What is z(5)?
-5
Suppose -m + 59 = 63. Let h(i) = -i**2 - 2*i - 2. Determine h(m).
-10
Let p(m) = -4*m**3 - 471 + 3*m**3 + 472 + 5*m**2 + 5*m. Determine p(4).
37
Let b(n) = 13*n**3 + 6*n**2 - 3*n + 4. Let y(t) = 2*t**2 - t + 1. Let d(s) = -b(s) + 3*y(s). Give d(1).
-14
Let v(i) be the third derivative of i**4/8 - 4*i**3/3 + 107*i**2. Give v(6).
10
Let c(a) = -2*a + 1. Let n(z) = 2*z - 2. Let j(b) = 4*c(b) + 3*n(b). Let m be (-114)/(-42) - (-2)/7. Determine j(m).
-8
Suppose r = -4 - 1. Suppose 0 = n + 4*n. Let l(a) = a**2 - 7*a - 5 + n*a**2 - 2*a**2. Determine l(r).
5
Let n(v) = -v**2 + 25*v - 41. Let x(j) = 4*j**2 + 20*j - 73. Let g be x(-8). Determine n(g).
5
Let k(j) = -j**3 - 3*j**2 - 3*j - 6. Let r be k(-3). Let p(s) = 6*s**3 + 4*s**3 + 6*s**2 + s - 4*s**3 + 8 - 5*s**r. What is p(-6)?
2
Let m(z) be the third derivative of -z**4/24 + 5*z**3/3 - 4*z**2. Let y be (4 + -6)/(-2) - -6. Determine m(y).
3
Let v(c) = 5*c - 3. Let h = 334 + -728. Let o = h - -98. Let n be 4/26 - o/104. Calculate v(n).
12
Let m(b) be the first derivative of -3*b - 1/4*b**4 + 6 + b**2 - b**3. Suppose 4*n = -2*o + 3*o - 11, -27 = 3*n + 3*o. Calculate m(n).
5
Let l = -2 + 2. Suppose l*f = 4*f - 5*v + 32, 3*f = -4*v + 7. Let i(b) be the first derivative of b**4/4 + b**3/3 - 5*b**2/2 - 3*b + 1. Determine i(f).
-6
Let f(i) = -2*i + 7. Let n = 37 - 29. Calculate f(n).
-9
Suppose x + 3*x + h = -7, -5*x - 3*h = 0. Let g(z) = -25 + 29 + 0*z - z. What is g(x)?
7
Let a(l) be the first derivative of -l**4/2 - 7*l**3/3 - l**2 - l - 76. Calculate a(-4).
23
Let l(i) = -1 + 64869*i**2 - 2 + 5*i - 64870*i**2. Let f(n) = 2*n**2 + 4*n - 1. Let p be f(-3). Calculate l(p).
-3
Let m(a) = 5*a - 4. Let p be 11 - (-4 + 1 - -13). Give m(p).
1
Let o be -1*1 - (-28 + 9). Suppose -14*y + o*y = -16. Let r(t) = t**3 + 4*t**2 - 5*t. Calculate r(y).
20
Let k(i) = -2*i**3 - 2*i**2. Let b be (-6 + 3 + 3 - 6) + 4. Give k(b).
8
Suppose 4*u = -c - 0*c - 24, c - 24 = 4*u. Suppose 2*b + 4*f - 11 - 13 = 0, f + 3 = 4*b. Let t(o) = 54*o**2 - 6*o - b*o - 55*o**2. Give t(u).
12
Let p(w) = -w - 5. Let o(z) = z - 25. Let x(i) = o(i) - 3*p(i). Calculate x(6).
14
Let m(w) = -4*w - 3. Let g(p) = 3*p + 2. Let a(b) = 3*g(b) + 2*m(b). Let n(i) = -34*i**2 + 2*i**3 - 17 - i**3 - 25*i + 23*i**2. Let o be n(13). What is a(o)?
-4
Let n = 19 - 11. Let f(u) = -u**2 - 11*u + 3. Let y(i) = -5*i**2 - 45*i + 12. Let p(l) = 9*f(l) - 2*y(l). Determine p(n).
-5
Let t(i) be the third derivative of -5*i**4/24 - 5*i**3/6 - 38*i**2. Give t(-3).
10
Suppose -4*k = 2*d - 20, -2*k = 3*k + d - 31. Let g(a) = k*a - 17 - 12 + 32. Calculate g(-4).
-25
Let k(g) = 13*g**3 + 1. Let l be (8/12)/((-12)/(-54)). Suppose -4 + l = z. Calculate k(z).
-12
Let x(o) = -13*o + 39. Let a(w) = -16*w + 40. Let v(u) = 2*a(u) - 3*x(u). Give v(4).
-9
Let o(a) be the third derivative of a**4/24 - 5*a**3/3 + 38*a**2 + a. What is o(15)?
5
Let z(l) be the third derivative of 21*l**2 + 0*l + 0 - 1/6*l**3 + 5/24*l**4. What is z(-1)?
-6
Suppose 13 = -2*d - 5*z, -4*z - 26 = 2*d - 3*d. Let f(g) = -2*g**2 + g**2 + 4 - g + 3*g - g + 3*g. Give f(d).
-8
Let r(y) = -y**2 + 2*y + 8. Let h(g) = 5*g**2 + 2*g - 2. Let q be h(1). What is r(q)?
-7
Let k be 1/(-4) + (33/(-4))/3. Let a(x) = 1 - 2 + 1 - 1 - x. Calculate a(k).
2
Let h = 12 - 7. Let r(c) = 13*c + 3. Let t(j) = j. Let o(x) = h*t(x) - r(x). Determine o(-2).
13
Let v(g) = -9*g + 15. Let w(t) = 8*t - 14. Let a(s) = -5*v(s) - 6*w(s). Let x(h) = h - 4. Let o(r) = 6*a(r) + 15*x(r). Determine o(-4).
6
Let d(h) = -2*h. Let g(b) = -2*b + 16. Let r be g(7). Suppose 5*o = -2*n - 0*n + 32, 3*n + r = 5*o. Suppose -3*i - n = -0*i. Give d(i).
4
Let b(v) = -v + 17. Let x(a) = a**2 - 12*a + 31. Let f be x(11). Suppose -5*z = 3*w - 44, 4*w + 4*z = 7*z + f. Determine b(w).
9
Let g(k) = k**2 - 91*k + 508. Let d be g(6). Let x(h) = -h**3 - 3*h**2 + h + 4. What is x(d)?
-2
Let c(o) be the first derivative of 8 + 1/2*o**2 + 3*o. Determine c(-5).
-2
Let j(n) = -7*n - 50. Let h(g) = -g - 7. Let m(w) = -15*h(w) + 2*j(w). What is m(-9)?
-4
Let j = -386 + 394. Let q(z) be the third derivative of z**4/24 - z**3/3 - z**2. Give q(j).
6
Let t be 5 + -1 + -2 + (-96)/(-12). Let p(d) = d - 8. Determine p(t).
2
Suppose 30 - 102 = -18*q. Let j(v) be the third derivative of 1/12*v**4 + 0 + 2/3*v**3 - q*v**2 + 0*v. Calculate j(-4).
-4
Let h(s) = -2*s**2 + 14*s + 18. Let t be h(8). Let i(